Dec 01 12:17:39.873 INFO testing kmBlaine/yucon against master#8940af3cea4a9a9deabcaf843b2f8cad9a83fc61 for beta-1.31-5
Dec 01 12:17:39.873 INFO running `"docker" "create" "-v" "/mnt/big/crater/work/local/target-dirs/beta-1.31-5/worker-6/master#8940af3cea4a9a9deabcaf843b2f8cad9a83fc61:/target:rw,Z" "-v" "/mnt/big/crater/work/local/test-source/worker-6/beta-1.31-5/master#8940af3cea4a9a9deabcaf843b2f8cad9a83fc61:/source:ro,Z" "-v" "/mnt/big/crater/work/local/cargo-home:/cargo-home:ro,Z" "-v" "/mnt/big/crater/work/local/rustup-home:/rustup-home:ro,Z" "-e" "USER_ID=1000" "-e" "SOURCE_DIR=/source" "-e" "USER_ID=1000" "-e" "CMD=cargo +8940af3cea4a9a9deabcaf843b2f8cad9a83fc61-alt build --frozen" "-e" "CARGO_TARGET_DIR=/target" "-e" "CARGO_INCREMENTAL=0" "-e" "RUST_BACKTRACE=full" "-e" "RUSTFLAGS=--cap-lints=warn" "-e" "CARGO_HOME=/cargo-home" "-e" "RUSTUP_HOME=/rustup-home" "-m" "1536M" "--network" "none" "crater"`
Dec 01 12:17:40.291 INFO [stdout] 4aedbed1999966507c8d97c5c3aac2c158215c209b86de88e78d0511c3438e6d
Dec 01 12:17:40.297 INFO running `"docker" "start" "-a" "4aedbed1999966507c8d97c5c3aac2c158215c209b86de88e78d0511c3438e6d"`
Dec 01 12:17:42.198 INFO [stderr] usermod: no changes
Dec 01 12:17:42.271 INFO [stderr]    Compiling yucon v0.2.0 (/source)
Dec 01 12:17:42.823 INFO [stderr] error[E0252]: the name `Write` is defined multiple times
Dec 01 12:17:42.823 INFO [stderr]   --> src/runtime/mod.rs:46:5
Dec 01 12:17:42.823 INFO [stderr]    |
Dec 01 12:17:42.823 INFO [stderr] 36 | use std::fmt::Write;
Dec 01 12:17:42.823 INFO [stderr]    |     --------------- previous import of the trait `Write` here
Dec 01 12:17:42.823 INFO [stderr] ...
Dec 01 12:17:42.823 INFO [stderr] 46 | use std::io::Write;
Dec 01 12:17:42.823 INFO [stderr]    |     ^^^^^^^^^^^^^^ `Write` reimported here
Dec 01 12:17:42.823 INFO [stderr]    |
Dec 01 12:17:42.823 INFO [stderr]    = note: `Write` must be defined only once in the type namespace of this module
Dec 01 12:17:42.823 INFO [stderr] help: you can use `as` to change the binding name of the import
Dec 01 12:17:42.823 INFO [stderr]    |
Dec 01 12:17:42.823 INFO [stderr] 46 | use std::io::Write as OtherWrite;
Dec 01 12:17:42.823 INFO [stderr]    |     ^^^^^^^^^^^^^^^^^^^^^^^^^^^^
Dec 01 12:17:42.823 INFO [stderr] 
Dec 01 12:17:42.863 INFO [stderr] error[E0422]: cannot find struct, variant or union type `Bootstrapper` in this scope
Dec 01 12:17:42.863 INFO [stderr]    --> src/runtime/mod.rs:226:9
Dec 01 12:17:42.863 INFO [stderr]     |
Dec 01 12:17:42.863 INFO [stderr] 226 |         Bootstrapper
Dec 01 12:17:42.863 INFO [stderr]     |         ^^^^^^^^^^^^ did you mean `Boostrapper`?
Dec 01 12:17:42.863 INFO [stderr] 
Dec 01 12:17:42.875 INFO [stderr] warning: unused import: `std::io::Write`
Dec 01 12:17:42.875 INFO [stderr]   --> src/runtime/mod.rs:46:5
Dec 01 12:17:42.875 INFO [stderr]    |
Dec 01 12:17:42.875 INFO [stderr] 46 | use std::io::Write;
Dec 01 12:17:42.875 INFO [stderr]    |     ^^^^^^^^^^^^^^
Dec 01 12:17:42.875 INFO [stderr]    |
Dec 01 12:17:42.875 INFO [stderr]    = note: #[warn(unused_imports)] on by default
Dec 01 12:17:42.875 INFO [stderr] 
Dec 01 12:17:42.875 INFO [stderr] warning: unused import: `std::env`
Dec 01 12:17:42.875 INFO [stderr]   --> src/main.rs:22:5
Dec 01 12:17:42.875 INFO [stderr]    |
Dec 01 12:17:42.875 INFO [stderr] 22 | use std::env;
Dec 01 12:17:42.875 INFO [stderr]    |     ^^^^^^^^
Dec 01 12:17:42.875 INFO [stderr] 
Dec 01 12:17:42.875 INFO [stderr] warning: unused import: `ConversionFmt`
Dec 01 12:17:42.875 INFO [stderr]   --> src/main.rs:29:39
Dec 01 12:17:42.875 INFO [stderr]    |
Dec 01 12:17:42.875 INFO [stderr] 29 | use ::runtime::convert::{convert_all, ConversionFmt};
Dec 01 12:17:42.875 INFO [stderr]    |                                       ^^^^^^^^^^^^^
Dec 01 12:17:42.875 INFO [stderr] 
Dec 01 12:17:42.895 INFO [stderr] error[E0658]: use of unstable library feature 'test' (see issue #27812)
Dec 01 12:17:42.895 INFO [stderr]   --> src/main.rs:17:1
Dec 01 12:17:42.895 INFO [stderr]    |
Dec 01 12:17:42.895 INFO [stderr] 17 | extern crate test;
Dec 01 12:17:42.895 INFO [stderr]    | ^^^^^^^^^^^^^^^^^^
Dec 01 12:17:42.895 INFO [stderr] 
Dec 01 12:17:42.907 INFO [stderr] warning: use of deprecated item 'std::env::home_dir': This function's behavior is unexpected and probably not what you want. Consider using the home_dir function from https://crates.io/crates/dirs instead.
Dec 01 12:17:42.907 INFO [stderr]    --> src/runtime/units/config.rs:806:31
Dec 01 12:17:42.907 INFO [stderr]     |
Dec 01 12:17:42.907 INFO [stderr] 806 |     let mut home_path = match env::home_dir()
Dec 01 12:17:42.907 INFO [stderr]     |                               ^^^^^^^^^^^^^
Dec 01 12:17:42.907 INFO [stderr]     |
Dec 01 12:17:42.907 INFO [stderr]     = note: #[warn(deprecated)] on by default
Dec 01 12:17:42.907 INFO [stderr] 
Dec 01 12:17:42.907 INFO [stderr] error[E0658]: use of unstable library feature 'test' (see issue #27812)
Dec 01 12:17:42.907 INFO [stderr]   --> src/main.rs:33:5
Dec 01 12:17:42.907 INFO [stderr]    |
Dec 01 12:17:42.907 INFO [stderr] 33 | use test::Options;
Dec 01 12:17:42.907 INFO [stderr]    |     ^^^^^^^^^^^^^
Dec 01 12:17:42.907 INFO [stderr] 
Dec 01 12:17:42.907 INFO [stderr] error[E0658]: use of unstable library feature 'test' (see issue #27812)
Dec 01 12:17:42.907 INFO [stderr]    --> src/main.rs:109:50
Dec 01 12:17:42.907 INFO [stderr]     |
Dec 01 12:17:42.907 INFO [stderr] 109 | fn line_interpreter(units: &UnitDatabase, opts: &Options)
Dec 01 12:17:42.907 INFO [stderr]     |                                                  ^^^^^^^
Dec 01 12:17:42.907 INFO [stderr] 
Dec 01 12:17:42.907 INFO [stderr] error[E0658]: use of unstable library feature 'test' (see issue #27812)
Dec 01 12:17:42.907 INFO [stderr]    --> src/main.rs:214:34
Dec 01 12:17:42.907 INFO [stderr]     |
Dec 01 12:17:42.907 INFO [stderr] 214 |     let (opts, mut args) = match Options::get_opts()
Dec 01 12:17:42.907 INFO [stderr]     |                                  ^^^^^^^^^^^^^^^^^
Dec 01 12:17:42.907 INFO [stderr] 
Dec 01 12:17:42.993 INFO [stderr] error[E0609]: no field `format` on type `&test::Options`
Dec 01 12:17:42.993 INFO [stderr]    --> src/main.rs:115:31
Dec 01 12:17:42.993 INFO [stderr]     |
Dec 01 12:17:42.993 INFO [stderr] 115 |     interpreter.format = opts.format;
Dec 01 12:17:42.993 INFO [stderr]     |                               ^^^^^^
Dec 01 12:17:42.993 INFO [stderr] 
Dec 01 12:17:43.007 INFO [stderr] error[E0599]: no function or associated item named `get_opts` found for type `test::Options` in the current scope
Dec 01 12:17:43.007 INFO [stderr]    --> src/main.rs:214:34
Dec 01 12:17:43.007 INFO [stderr]     |
Dec 01 12:17:43.007 INFO [stderr] 214 |     let (opts, mut args) = match Options::get_opts()
Dec 01 12:17:43.007 INFO [stderr]     |                                  ^^^^^^^^^^^^^^^^^ function or associated item not found in `test::Options`
Dec 01 12:17:43.007 INFO [stderr] 
Dec 01 12:17:43.036 INFO [stderr] error[E0369]: binary operation `==` cannot be applied to type `std::option::Option<runtime::units::UnitDatabase>`
Dec 01 12:17:43.036 INFO [stderr]    --> src/runtime/mod.rs:249:9
Dec 01 12:17:43.036 INFO [stderr]     |
Dec 01 12:17:43.036 INFO [stderr] 249 |         self.units_db == None
Dec 01 12:17:43.036 INFO [stderr]     |         ^^^^^^^^^^^^^^^^^^^^^
Dec 01 12:17:43.036 INFO [stderr]     |
Dec 01 12:17:43.037 INFO [stderr]     = note: an implementation of `std::cmp::PartialEq` might be missing for `std::option::Option<runtime::units::UnitDatabase>`
Dec 01 12:17:43.037 INFO [stderr] 
Dec 01 12:17:43.255 INFO [stderr] error: aborting due to 9 previous errors
Dec 01 12:17:43.255 INFO [stderr] 
Dec 01 12:17:43.259 INFO [stderr] Some errors occurred: E0252, E0369, E0422, E0599, E0609, E0658.
Dec 01 12:17:43.259 INFO [stderr] For more information about an error, try `rustc --explain E0252`.
Dec 01 12:17:43.263 INFO [stderr] error: Could not compile `yucon`.
Dec 01 12:17:43.263 INFO [stderr] 
Dec 01 12:17:43.263 INFO [stderr] To learn more, run the command again with --verbose.
Dec 01 12:17:43.264 INFO [stderr] su: No module specific data is present
Dec 01 12:17:43.911 INFO running `"docker" "inspect" "4aedbed1999966507c8d97c5c3aac2c158215c209b86de88e78d0511c3438e6d"`
Dec 01 12:17:44.347 INFO running `"docker" "rm" "-f" "4aedbed1999966507c8d97c5c3aac2c158215c209b86de88e78d0511c3438e6d"`
Dec 01 12:17:44.692 INFO [stdout] 4aedbed1999966507c8d97c5c3aac2c158215c209b86de88e78d0511c3438e6d
